).
-2
Let f be (-8)/68 - 20/(-170). Let l(z) be the second derivative of 19*z - 1/3*z**3 + 5/2*z**2 + f. Calculate l(4).
-3
Let i(x) be the third derivative of -x**4/12 - x**3/3 + x**2. Suppose 14*r = -6*r - 160. Let y be ((-123)/(-82))/(6/r). Give i(y).
2
Let l(p) be the third derivative of 19*p**2 + 1/30*p**5 + 0*p + 0*p**3 - 1/6*p**4 + 0. Suppose j = 5*a - 2*j - 32, -j + 4 = 2*a. What is l(a)?
16
Let j(n) = -n**2 - 19*n + 62. Let p be j(-22). Let y be -5 + p + 1 - -26. Let v(d) = d**2 - 19*d + 12. What is v(y)?
-6
Let j(v) = -v**2 + 1 - v**2 + 2. Let s be (3/2)/((-35)/(-210)). Suppose s*a - 23*a = 42. What is j(a)?
-15
Let r(c) = -7*c**3 + 34*c**2 - c - 51. Let p(x) = 3*x**3 - 18*x**2 + 27. Let z(w) = 5*p(w) + 2*r(w). Calculate z(22).
-11
Let m(z) = -z**3 - 2*z - 44. Suppose 0 = 142*i + 101*i. Determine m(i).
-44
Let q(g) = 0*g + 1 + 7*g - 8*g - 3*g. Let n be (12/(-2) + -4)/2. Let p(z) = z + 6. Let c be p(n). What is q(c)?
-3
Let m = 187 - 192. Let c(b) = 5*b**2 + 13*b. Let o(p) = p**2 - 1. Let h(u) = c(u) - 2*o(u). Let j(x) = 2*x**2 + 6*x + 1. Let f(r) = m*j(r) + 3*h(r). Give f(4).
21
Let y(x) be the third derivative of x**4/2 - 43*x**3/3 + 3209*x**2 - 2*x. Calculate y(8).
10
Let a(q) = -q**3 + 7*q**2 - 6*q + 3. Let y(d) = -d**2 - 11*d + 30. Let p be (1/(-3))/(-1 + 160/156). Let r be y(p). Let b be 2/r + 33/6. Give a(b).
3
Let a(h) = -28*h - 26*h - 2016 + 2058 + 51*h. Determine a(13).
3
Let h(c) be the second derivative of -c**4/12 + c**3 + 3*c**2 - 4*c. Let i(w) = w**2 + 10*w - 32. Let p be i(-13). What is h(p)?
-1
Let i(h) = h**2 - 36*h + 209. Suppose 3*w = 55*b - 59*b + 128, -3*w = 3*b - 99. Give i(b).
6
Let z(k) = 9*k + 7*k + 6*k + 2*k + 4 - 22*k. Let m be 1*(4 - 3 - 1). Let q be (-3 - (-2 + m)) + -2. Give z(q).
-2
Let f(i) be the third derivative of -i**6/120 - i**5/6 + i**4/8 + 336*i**2 - 3*i. Calculate f(-10).
-30
Let w(n) = 10*n**2 - 9618 + 4818 + n**3 + 16*n + 4806. Calculate w(-7).
41
Let h(c) = -c**3 + 7 - 4*c**2 - 10 + 0*c**2. Let w(l) = -921*l + 1839. Let n be w(2). What is h(n)?
-12
Let b(z) be the second derivative of -1/6*z**3 + 8*z - 3/2*z**2 + 1/20*z**5 + 1/4*z**4 + 2. Let u = -5 - -2. Give b(u).
0
Let s(o) = 9*o - 22. Let f(x) = -20*x + 45. Let t(w) = 4*f(w) + 9*s(w). Let j(r) = -2. Let n(q) = -4*j(q) - t(q). Determine n(0).
26
Let g(d) = -837*d**2 + 837*d**2 + 0 - 1 - 11*d**3. Suppose 0*j = j + 1. What is g(j)?
10
Let u(p) = -3089 + 1498 + 1583 - p. Let m = 6 - 12. Calculate u(m).
-2
Let z(q) = 152*q**2 + 60*q + 156. Let f(j) = -28*j**2 - 12*j - 31. Let p(u) = 11*f(u) + 2*z(u). What is p(-3)?
-29
Let v be ((-9)/(-15))/(-2 - 92/(-40)). Let b(t) = 13*t - 2*t**v - 18*t - 7 + 3 + 11*t. Calculate b(4).
-12
Let h(s) = -s**3 + 7*s**2 - 7. Let r = -279 + 291. Let w(u) = -26*u + 318. Let a be w(r). Determine h(a).
29
Let v(i) be the second derivative of i**5/20 + 11*i**4/12 - 3*i**3/2 + 9*i**2/2 - 4710*i. Calculate v(-12).
-27
Let c(f) = 2*f**3 + 2*f**2 + f. Suppose -11 = -2*m + 7. Suppose -2*g + m = -11*g. What is c(g)?
-1
Let d(o) = 25*o - 24 - 14*o + 13*o + 4*o - 2*o**2 + 5*o. Give d(14).
46
Let n(m) = -15*m - 34. Let s be -4 + 4 - (1 + 5 + -4). Give n(s).
-4
Suppose 4*i + 11*m = 15*m + 108, -3*i - 2*m + 86 = 0. Let u(f) = 0*f**2 + 27*f + 7 - i*f - f**2. Give u(3).
-5
Let p(c) = 11*c + 15*c + 13*c - 38*c. Let q be p(4). Suppose -4*f - l - 22 = l, -43 = q*f - 5*l. Let z(s) = -s**2 - 8*s - 8. What is z(f)?
-1
Let m(z) be the second derivative of z**5/20 + z**4/4 - z**3/6 - 7*z**2/2 + 52*z + 7. What is m(-3)?
-4
Suppose 502*u = 2*z + 503*u + 11, 3*z = u - 9. Let c(m) be the first derivative of -m**4/4 - 5*m**3/3 + m**2/2 - m + 86. Determine c(z).
-21
Let f(r) be the third derivative of r**4/24 - 13*r**3/6 - r**2. Let u = -256 - -405. Let h = u + -143. Give f(h).
-7
Let s(r) = -2 - 7 + 1 + 4 + 5 - r. Let p be 28/10 + 2/10. Let l be (2 - p)*3 + -2. Calculate s(l).
6
Let n(o) be the third derivative of 7*o**4/12 - 79*o**3/6 + 10*o**2 + 27*o - 5. Determine n(5).
-9
Let c(j) = 7*j**2 - 2*j + 3. Let b(q) = q - 3. Suppose -h = -15*h + 70. Let t be b(h). Give c(t).
27
Let g(u) = 15*u**3 + 16*u**2 - 14*u - 10. Let k(i) = 52*i**3 + 47*i**2 - 40*i - 30. Let v(c) = 7*g(c) - 2*k(c). What is v(-19)?
-29
Let g(q) = -3*q**3 + 2*q**2 - 2*q - 1. Let p(c) = -36*c + 396. Let s be p(11). Suppose 5*t + 4*a - 6 = 16, s = -5*a + 15. Calculate g(t).
-21
Suppose 185*y + 17 + 329 = 12*y. Let u(h) = -h**2 - 19*h - 39. Give u(y).
-5
Let i(t) = -t**2 + 60*t - 452. Let z(k) = -2*k**3 + 105*k**2 - 596*k - 41. Let m be z(46). Calculate i(m).
7
Let q = 6 + -1. Suppose -f = 2*p - 7, 21 = 14*f - 11*f - q*p. Let b(h) = -h**2 + 8*h. Calculate b(f).
7
Let p(m) be the first derivative of -m**3 + m**2 + 3*m + 198. Suppose 0 = -x + 4*d + 18, 0 = -2*x - x + 4*d + 14. Give p(x).
-13
Let h(t) = -78*t + 66. Suppose -6 = -s + 4*l, 23*s - 19*s - 4*l = 0. Let x(f) = 6*f - 5. Let g(j) = s*h(j) - 27*x(j). Let y be (-5 - (1 - 3))*-1. What is g(y)?
-15
Let m(p) = 2*p - 1. Suppose 31*t + 42 = 38*t, -8 = 5*k - 3*t. Calculate m(k).
3
Let h(s) = 13*s - 2. Let l be h(-2). Let a = 33 + l. Let w(g) be the first derivative of g**2/2 - 4*g + 11. Give w(a).
1
Let w = -225 - -234. Let f(x) = x**3 + 4659 - 4665 - 4*x**2 + w*x - 4*x**2. Give f(7).
8
Suppose -60 = 21*c + 4*c - 37*c. Let s(j) = -3*j + 33. Calculate s(c).
18
Let y(q) be the second derivative of -q**4/24 + q**3/2 + 168*q**2 - 269*q. Let z(d) be the first derivative of y(d). Suppose 0 = -2*n + 9 - 1. What is z(n)?
-1
Suppose -5*h + 4*k = -4 - 9, 2*h - 12 = 5*k. Suppose 5 = 2*o - h. Let z(m) = -m - 1. Determine z(o).
-4
Let g(u) = 2*u + 1. Let c(d) = -d**2 - 19*d - 49. Let o be c(-16). Let t(b) = b. Let f(i) = o*t(i) - 2*g(i). What is f(1)?
-7
Let f(k) = -79 + 28 - 4*k - k**2 + 31 + 41. What is f(-8)?
-11
Let d(r) be the second derivative of -r**4/12 + 2*r**3 + r**2 + 292*r. Calculate d(11).
13
Let d(s) be the first derivative of -s**4/4 - 13*s**3/3 + 3*s**2 - 15*s + 701. Calculate d(-14).
97
Suppose 207406*f = 207418*f + 108. Let k(m) = -8 - 2 + m**2 + 3 + 8*m. Give k(f).
2
Let i(m) = -m**2 - m + 4. Let v(x) = -130*x + x**2 + 5 - 5 + 128*x - 6. Let n be v(3). Calculate i(n).
-2
Let l(y) = -y**2 + 6*y - 5. Suppose -q - 2*p + 16 = 79, -2*p + 120 = -2*q. Let s = 65 + q. Let g be (-32)/12*(-6)/s. Determine l(g).
3
Let g(u) = -u**3 + 4*u**2 - 4*u - 2. Suppose -q - 2*p + 18 = 0, 2*q + q - p - 19 = 0. Suppose q*k = 16*k - 32. Determine g(k).
-18
Let h(y) = -y - 1. Let c be 12/10*10/2. Let q(b) be the first derivative of -7*b**2/2 - 2*b + 1. Let v(i) = c*h(i) - q(i). Give v(-7).
-11
Let z(c) = c**2 + 13*c - 70 + 200 - 80 - 94. Calculate z(-16).
4
Let g(a) be the first derivative of 5*a**2/2 - 186*a + 951. What is g(37)?
-1
Suppose -6*d = -4*d - 28. Let k be d/(-4) - (-5)/(-10). Let u(c) be the second derivative of -c**5/20 - 5*c**4/12 - c**3/3 - 5*c**2/2 + 13*c. Give u(k).
-13
Let w(c) = -c**3 - 14*c**2 - 3*c - 276. Suppose -84 = -237*t + 242*t - 3*v, 2*v = 3*t + 51. What is w(t)?
-6
Let i(p) = -4*p**2 - 22*p - 191. Let n(m) = m**2 + 5*m + 40. Let s(q) = -2*i(q) - 9*n(q). What is s(-12)?
-110
Let v(d) = -5*d**3 + 13*d**2 - 12*d - 30. Let h(u) = 7*u**3 - 13*u**2 + 14*u + 31. Let t(i) = -2*h(i) - 3*v(i). Give t(12).
-20
Let j(s) be the second derivative of -5*s**4/12 - s**3/6 - s**2/2 - s + 1477. Determine j(1).
-7
Let f = 19689 - 19689. Let u(g) = 9*g - 31. Determine u(f).
-31
Let n(s) = 2*s - 20. Let i(a) be the third derivative of -5*a**4/24 + 19*a**3/6 + 23*a**2 - 2. Let l(q) = 2*i(q) + 3*n(q). Give l(-7).
6
Let z(l) be the first derivative of -l**3/3 - 15*l**2/2 - 31*l + 1223. Calculate z(-16).
-47
Let y(j) be the second derivative of 5*j**4/12 + j**3/3 + 5*j**2/2 + 51*j + 21. Calculate y(-2).
21
Let l(z) = z**2 - 12*z - 224. Suppose -7*c - 3740 + 3894 = 0. Calculate l(c).
-4
Let k = 21 - 30. Let u(i) be the second derivative of -i**5/20 - 2*i**4/3 + 2*i**3 + 4*i**2 - 20*i - 4. Give u(k).
-19
Suppose 34*r - 37*r = 5*c - 120, 0 = -4*c + 2*r + 74. Let a(p) = -p**2 + 21*p + 7. Calculate a(c).
7
Let h(j) = -3*j**2 - 20*j + 1. Let b(v) = -v**2 - 10*v + 1. Let w be (1 - 6 - -10)/(-1). Let t(r) = w*b(r) + 2*h(r). What is t(10)?
-3
Let d(b) = -32*b**3 - 26*b**2 - 78*b - 55. Let o(a) = 51*a**3 + 39*a**2 + 118*a + 82. Let n(v) = -8*d(v) - 5*